2. Suppose s = t - g. List the prime factors of s.
2
Suppose 11 = -f - 3*d, -5*f - 2*d = -0*f + 42. What are the prime factors of (-32)/(-8)*f/(-2)?
2
Suppose 60 - 6 = -3*u. Let m = -13 + 25. What are the prime factors of u/m*2*-2?
2, 3
Let s(f) = f**3 - 4*f**2 - 8*f - 5. Suppose 5*x + 4*l - 38 = 2*l, -2*l = 2*x - 20. What are the prime factors of s(x)?
19
Let l = 19 + 2. Suppose 4*w = -5*s - 5, 2*s - 2*w = w + l. List the prime factors of s.
3
Let r be (-5)/20 - 38/8. Let z = 12 - r. What are the prime factors of z?
17
Let p be 3 + (5 - -44) - (1 - 2). Let n = -7 - -12. Suppose 8 = -n*l + p. What are the prime factors of l?
3
Suppose -6 = 3*i - k, -k - 1 = -2*i + 6*i. List the prime factors of (2 - 1)*(-7)/i.
7
Suppose 3 = -s + 2, -m - 3*s = 3. Suppose -d = -2*d + 2. Suppose 2*c - c - d = m. List the prime factors of c.
2
Let z = 81 - 79. What are the prime factors of z?
2
Let s be ((-4)/5)/((-2)/(-10)). Let b be 214/(-14) + s/(-14). What are the prime factors of ((-20)/b)/(2/6)?
2
Let f = 99 + -93. What are the prime factors of f?
2, 3
Suppose -4*w + 1028 = 3*z, 5*z - 1036 = -11*w + 7*w. What are the prime factors of w?
2, 127
Let w(t) = -4 + 11*t + 2 + 1 + 2. What are the prime factors of w(2)?
23
Let i(f) = -f**3 - 6*f**2 + f + 3. Let c be i(-7). Let p = 74 - c. List the prime factors of p.
29
Let i(c) = 2*c**2 - 16*c + 3. What are the prime factors of i(8)?
3
Let v = 618 - 389. What are the prime factors of v?
229
Let h(c) = -c**2 + 8*c + 10. Let k be h(8). Let y = -4 - -6. Suppose 2*t - k = y. List the prime factors of t.
2, 3
Let j = -7 + -15. Let v = 39 + j. List the prime factors of v.
17
Let p = 22 - 15. List the prime factors of p.
7
Let g(s) = -86*s**3 - s**2 - s. Let h be g(-1). Let m = -29 + h. Suppose -5*y + t + m = 0, y = -2*y + 4*t + 24. List the prime factors of y.
2, 3
Let q(r) be the second derivative of -r**4/12 - 5*r**3/3 - 7*r**2/2 - 7*r. List the prime factors of q(-4).
17
Let a = 25 + -20. Suppose 0 = -a*x - 5*q + 35, 3*x + 0*q - 21 = 5*q. List the prime factors of x.
7
List the prime factors of (-141)/(-6) + (2 - 9/6).
2, 3
Let b = 84 + 147. List the prime factors of b.
3, 7, 11
Suppose 2*i = 5*s - 18, 6*s - 4*s - 2*i = 6. Suppose 0 = s*n - n - 24. Suppose v + 4*x + 11 = 0, -3*v + n = -3*x - 19. List the prime factors of v.
5
Suppose -5*k + 0*w + 3*w = 0, -4*k - w = -17. Let l be (k/(-9))/(1/(-9)). Suppose 5*d + 2*x - 50 = 0, d + 2*x + l - 5 = 0. List the prime factors of d.
2, 3
Let i = 5 + -7. What are the prime factors of (-14)/i - (1 + -2)?
2
List the prime factors of (-2)/(-4) + 21/6.
2
Let z = 4 - 1. Suppose -z*x = -6 - 0. Suppose x*v = 5*r + 13, -v + r - 19 = -6*v. List the prime factors of v.
2
Let x(u) = u**2 + 4*u + 21. List the prime factors of x(-6).
3, 11
Suppose w - 1 + 2 = 0. List the prime factors of (-2 + 1)*-3 + w.
2
Let a = 8 - 6. Suppose 5*q - 4*j = 42, 0 = q - 3*j - j - a. List the prime factors of q.
2, 5
Let q(s) = -6*s**2 - s**2 + 7*s + 3 + s**3 + 3*s**2 - 3*s**2. What are the prime factors of q(6)?
3
Let t(m) = 4*m**2 - 17 - 6*m - 5*m**2 - 2*m**2 + m**3 + 20. What are the prime factors of t(5)?
23
Let b = 16 + -15. List the prime factors of (-22)/(b - 1 - 1).
2, 11
Let b(q) be the third derivative of -7*q**4/24 + q**3/3 + q**2. List the prime factors of b(-2).
2
Suppose -5*l = 2*l - 126. List the prime factors of l.
2, 3
Let f(j) = -9 + 9*j**2 + 4 + 14*j - j**3 - 10. What are the prime factors of f(10)?
5
Let c(r) = 6*r + 2. Suppose 4*q - 6*z = -z + 12, -5*q + 4*z + 15 = 0. What are the prime factors of c(q)?
2, 5
Suppose 3*p - 4 = -2*h, 5*h + 5*p + 2 = 12. Suppose 2*b - 2*u - h*u = -8, 4*u = 5*b - 4. Suppose -b*y + 33 = -y. What are the prime factors of y?
11
Let w be (1/(-2))/(7/(-210)). List the prime factors of 4/30 + 118/w.
2
Suppose 5*v + 120 = -0*v. Let g = -14 - v. List the prime factors of g.
2, 5
Let y(s) = 8*s**2 + 3*s + 26. List the prime factors of y(-6).
2, 37
Let h = 0 + 1. Let b = h - -2. List the prime factors of b.
3
Let l = 11 + 0. What are the prime factors of l?
11
Let h(r) = r**2 + 5*r + 3. Let s be h(-3). Let n be (2/(-2))/(s/12). Let b = 13 - n. List the prime factors of b.
3
Let q(o) = 6*o**3 + 12*o**2 + 11*o - 4. Let m(z) = z**3 + z**2 + z. Let h(b) = -5*m(b) + q(b). List the prime factors of h(-5).
2
Suppose 0 = -5*b + 330 + 430. List the prime factors of b.
2, 19
Let j = -84 + 131. What are the prime factors of j?
47
What are the prime factors of 7 + -6 + 25*1?
2, 13
Let o(w) = -29*w + 32. Let k(u) = 7*u - 8. Let g(d) = -9*k(d) - 2*o(d). What are the prime factors of g(-5)?
3, 11
Let l(d) be the second derivative of 3*d**3/2 - d**2 - 3*d. What are the prime factors of l(2)?
2
Suppose w - 5 = -2. Let z(v) = v + 9. Let j be z(-7). Suppose 0*f + 2*b = w*f - 23, -j*b = 2. What are the prime factors of f?
7
Let g(l) be the first derivative of l**4/4 - 2*l**3 + 7*l**2/2 - 2*l - 3. What are the prime factors of g(5)?
2
Suppose -2*h - 2*h + u - 133 = 0, -u = -h - 34. Let t = -22 - h. List the prime factors of t.
11
Let z(r) = r. Let c be z(0). Suppose m + c*m = 3. Let w(i) = i**3 - 3*i**2 + 2*i - 3. What are the prime factors of w(m)?
3
Let n be ((-2)/4)/((-4)/48). Let t = 16 - n. What are the prime factors of t?
2, 5
Suppose 7*i - 60 = 3*i. Suppose -i = -2*a + 5. What are the prime factors of a?
2, 5
Suppose -2*d + 4*p + 6 = d, -10 = -5*d + 4*p. Let t be d + 2 + -4 + 2. Suppose -t*a = -21 - 3. What are the prime factors of a?
2, 3
Suppose -23 = -l + 4*y + 4, l - y - 12 = 0. Suppose -4 = -3*v + 2*f - 0*f, -f - l = -4*v. What are the prime factors of v?
2
Let w = -73 + 60. Let k(f) = -f**2 + 10*f - 4. Let p be k(6). Let o = w + p. What are the prime factors of o?
7
Let o = 44 + 11. List the prime factors of o.
5, 11
Let b = 13 + 61. List the prime factors of b.
2, 37
Let l(g) = -g**3 - 2*g - 3*g**2 - 2*g**2 + 3 + 0*g**3 - 3*g. What are the prime factors of l(-4)?
7
Suppose 3*z - 4*h - 11 = 9, -z - 2*h = 0. Suppose 0 = q - 0 - 2, 0 = 5*m + q - 2. What are the prime factors of m + (1 - z)*-4?
2, 3
Suppose -7*b + 12 = -37. Let x(j) = -j - 6. Let z be x(-6). Let w = b - z. What are the prime factors of w?
7
Suppose 3 + 6 = 3*b. Let n(d) = -d**3 + 6*d**2 + 2*d + 3. List the prime factors of n(b).
2, 3
Suppose 4 = j + j. Let n(p) = p**3 - p**2 + 2*p + 1. List the prime factors of n(j).
3
Let o(p) = p**2 + 6. Let r(s) = -2*s**2 - 6. Let t(w) = -3*o(w) - 2*r(w). List the prime factors of t(-5).
19
Let w(f) be the first derivative of -f**4/4 - 4*f**3/3 - 2*f**2 - 6*f + 2. What are the prime factors of w(-4)?
2, 5
Let r(c) = c**3 + 7*c**2 - 12*c - 6. What are the prime factors of r(-8)?
2, 13
Suppose 0 = 3*m - m - 4*z - 42, 0 = 4*m - 4*z - 68. Suppose -m = 3*a + 2, -3*l = -5*a - 79. List the prime factors of l.
2, 3
Let t = -13 + 14. Let q(x) = 19*x + 1. What are the prime factors of q(t)?
2, 5
Let p = 13 + -24. Let l = p - -24. What are the prime factors of l?
13
Let l = -3 - -10. Let r(a) = 0*a**3 + 4*a**2 + l*a**3 - 3*a**3 + 3 - 3*a**3. What are the prime factors of r(-4)?
3
Let q = 84 - 60. List the prime factors of (-6 - -5)/((-2)/q).
2, 3
Let j(q) = 4*q**2 - 8 + 6*q - 1 + 2. Let a(s) = 7*s**2 + 13*s - 15. Let k(b) = -6*a(b) + 13*j(b). List the prime factors of k(-1).
3
Let d(v) = -v - 5. Let y be d(8). Let m = y - -5. What are the prime factors of ((-20)/m)/((-2)/(-4))?
5
Let n = 345 + -138. What are the prime factors of n?
3, 23
Suppose 3*c - 180 = -c. Let a = c + -20. What are the prime factors of a?
5
Let p(d) = -d**3 - 6*d**2 - 5*d - 3. Let u be p(-5). Let y = u - -7. List the prime factors of y.
2
Let h(p) = 6*p + 4. Let t(k) = 3*k**2 - k - 1. Let z be t(-1). What are the prime factors of h(z)?
2, 11
Let j(h) = -6*h + 3. Let w be j(2). Let s = -4 - w. List the prime factors of s.
5
Suppose 6*r = 71 + 199. What are the prime factors of r?
3, 5
Suppose 8 = -j - 4*c, 4*c = -4*j + 6*j + 4. What are the prime factors of (-3 + 7)/(j/(-14))?
2, 7
Let k = -6 - 6. What are the prime factors of (-4)/((-2)/(k/(-2)))?
2, 3
Let w be 4 - 2/3*-3. Suppose w*m - 4*m = 5*g - 230, 2*g - 4*m = 108. List the prime factors of (-150)/(-22) + 8/g.
7
Suppose 20 = 4*x + 4. Suppose 0*w - 24 = -x*w. What are the prime factors of w?
2, 3
Let l = -1 + 3. Suppose -2 - l = 4*z. What are the prime fac